+ 5*t + 1. List the prime factors of s(-6).
43
List the prime factors of ((-4878)/(-10))/3 - 2/(-5).
163
Let g(i) = -7*i - 11. What are the prime factors of g(-21)?
2, 17
Suppose 2*w - 5*r + 29 = 0, w - 1 = 5*r - 3. Let n = 44 + w. Let m = n - 6. List the prime factors of m.
11
Let u = 8 - -2. List the prime factors of u.
2, 5
Let h = -11 - -19. Suppose -24 = -h*q + 4*q. Let x = 11 - q. List the prime factors of x.
5
Let q = 48 - 25. Suppose 2*y = -14 - 8. Let l = q + y. What are the prime factors of l?
2, 3
Let f(s) = -5*s. Let w be f(-1). Suppose w*b - 50 = 3*b. What are the prime factors of b?
5
Let u(g) = -g**3 - 6*g**2 + 2*g + 2. Let w be u(-6). List the prime factors of (w/3 + 3)*-75.
5
List the prime factors of (-2 + 6)*(-38)/(-2).
2, 19
Let i(f) = -11*f. Let q = 2 + -3. List the prime factors of i(q).
11
Suppose -4*b + 20 + 0 = 0. Let r = b + 0. What are the prime factors of r?
5
Let q(g) be the first derivative of g**3/3 - 7*g**2/2 + 11*g + 4. What are the prime factors of q(9)?
29
Let l be (-1 + -2)*(-424)/(-6). List the prime factors of l/(-24) + 1/6.
3
Let b = 13 + 0. Let h = -8 + b. List the prime factors of h.
5
Let p be ((-1)/(-3))/(3/(-9)). Let c = 3 + p. Suppose 4*g = c*m + 30, 3*g - 4*g = -3*m - 10. What are the prime factors of g?
7
Suppose 5*q + 2*u = -14, u = q - 0*u. Let p be (-2 + 4)/(q/(-5)). Let j = 15 - p. What are the prime factors of j?
2, 5
Let v = -280 + 397. List the prime factors of v.
3, 13
Let o(k) = 38*k**3 - k**2 + k. Let u be o(1). Let i = -54 + u. Let h = 27 + i. What are the prime factors of h?
11
Let r be 25 + 0 + 1 - 2. Let b = 35 - r. What are the prime factors of b?
11
Let n(g) = -21*g. List the prime factors of n(-2).
2, 3, 7
List the prime factors of 6/(-30) + (-784)/(-20).
3, 13
Suppose 4 = -f - r - 1, 5*f = -4*r - 26. Let c be f*((-11)/3 - -3). Suppose 2*x - 40 = -4*b + 4*x, 5*b + c*x - 37 = 0. What are the prime factors of b?
3
Suppose 4*i - 2*i - 52 = 0. List the prime factors of i.
2, 13
Let r(t) = t**3 + 4*t**2 + 4*t + 3. Let i be r(-2). Suppose -m + 3*j = 9, -5*m - 12 = -m - 4*j. Suppose m = i*v - 6*v + 30. List the prime factors of v.
2, 5
Suppose 3*b = 27 - 6. List the prime factors of b.
7
Let f be (-14)/(-4) - 2/(-4). Let k(d) = d**2 - 5*d - 3. Let s be k(f). Let c(p) = -p**2 - 8*p + 5. What are the prime factors of c(s)?
2, 3
Let t(q) = -13*q - 10. List the prime factors of t(-8).
2, 47
Let s(u) = 3 - u**2 + 4*u - 2*u + u**3 - 3*u. Let c be s(0). Suppose 0 = 4*j + c*r - 54, 0*j + 5*r = -5*j + 70. List the prime factors of j.
2, 3
Suppose 0 = 4*t - 0*t + 3*l + 24, 0 = 4*l - 16. Let u = 15 + t. Let x = u + -1. List the prime factors of x.
5
Suppose -5*g = 2*x - 3*x + 203, -2*x + 2*g + 382 = 0. What are the prime factors of x?
2, 47
Let x = 319 - 218. What are the prime factors of x?
101
Suppose -7 - 71 = -3*u. Let z = u + -17. What are the prime factors of z?
3
Let j(g) = g. Let d = 9 + -7. Let v be j(d). Suppose -v*h + 9 + 25 = 0. List the prime factors of h.
17
Let i = -5 + 6. Let h be (-1 - 10/(-6))*6. What are the prime factors of (-4 + i)/((-6)/h)?
2
Suppose 0 = -5*w + 73 + 62. List the prime factors of w.
3
Let r(k) = k + 2. Let z be r(-5). What are the prime factors of z/4 - (-102)/8?
2, 3
Let y be 3/(-6) + 11/(-2). Let o(f) = -3*f - 9. What are the prime factors of o(y)?
3
Let u(v) = v**3 + 5*v**2 - 6*v - 6. Let n be u(-6). Let r = -2 - n. What are the prime factors of r?
2
Suppose 7 = -3*t - 5. Let c(f) = -f**3 - 5*f**2 - 6*f - 3. Let p be c(t). Suppose d - 35 = -p*a, d = -a - 0*d + 3. What are the prime factors of a?
2
Suppose 0 = -0*z + 3*z - 66. Suppose 3*h + z + 62 = 0. Let b = -18 - h. List the prime factors of b.
2, 5
Let f(a) = -a**3 - 9*a**2 - 11*a - 1. Let o(n) = n**2 - 13*n - 8. Let b be o(13). What are the prime factors of f(b)?
23
Let a = 74 + -42. Suppose -z = -0*z - a. What are the prime factors of z?
2
Suppose 2*n - 106 = -3*m, 2*m + 5*n = m + 57. What are the prime factors of m?
2
What are the prime factors of ((-46)/(-4))/(1/6)?
3, 23
Suppose -r + 14 - 2 = 2*u, -15 = 5*u. What are the prime factors of r?
2, 3
Let b(i) = -i + 6. Let u be b(4). Let d be (6/15)/(u/(-20)). Let a = 16 + d. List the prime factors of a.
2, 3
Let c be (-8 - (-2)/1)*-3. Let a = c - 13. What are the prime factors of a?
5
Let n(k) = -2 - 5*k**2 - 3 + 2*k + 2 + k**3. Let a be n(5). Suppose a = -2*r + 21. What are the prime factors of r?
7
Suppose 0 = 5*o + 11 - 61. What are the prime factors of o?
2, 5
List the prime factors of 22 + (1 - 0 - 2).
3, 7
Let j(d) = 4*d - d + 1 + 2*d - 3*d - 6*d**3. Let y be j(-1). Suppose -21 = -2*z + y. List the prime factors of z.
13
Suppose 3*z = -h + 53, 4*h = -h + 10. List the prime factors of z.
17
List the prime factors of (35 - 0/2) + -2.
3, 11
Let q be -1 + 3 + 1 - -48. Suppose -13 - q = -4*j. List the prime factors of j.
2
Let g(s) = -s**2 + 2*s**2 - 4 + 6*s - s**2 + s**2. Let o be g(-7). Suppose 4*h - 3*c + 19 = 90, -54 = -o*h + 2*c. List the prime factors of h.
2, 5
Let v be ((-6)/(-4))/(4/8). Suppose m + r - 14 = 5*r, -v*m = 3*r + 3. List the prime factors of m.
2
Let w(m) be the third derivative of m**6/120 - m**5/12 - m**4/24 - 7*m**3/6 + 3*m**2. Let x be w(5). List the prime factors of (2 - 0)/((-2)/x).
2, 3
Let v = 5 + -3. Suppose -v*z = z. Suppose 4*d + 2*s = d + 43, -3*d - 5*s + 49 = z. List the prime factors of d.
13
Let x = 64 + 71. What are the prime factors of x?
3, 5
Let z(y) = -7*y**2 - 3*y - 9. Let m(n) = -10*n**2 - 4*n - 14. Let p(i) = -5*m(i) + 7*z(i). Let r be p(0). Let s = 15 - r. List the prime factors of s.
2
Let g = 117 + 54. List the prime factors of g.
3, 19
Let n(o) = -9*o**3 + 19*o**2 + 4*o - 2. Let f(l) = -4*l**3 + 10*l**2 + 2*l - 1. Let u(i) = 7*f(i) - 3*n(i). List the prime factors of u(13).
5
Let v(s) = s**2 - 8*s - 1. Let i(h) = -h**3 + 9*h**2 - 8*h + 9. Let k be i(8). What are the prime factors of v(k)?
2
Let r = -12 - -52. List the prime factors of r.
2, 5
Suppose 61*p - 56*p = 20. What are the prime factors of p?
2
Let k(u) = u**3 - 4*u**2 + 5*u - 2. Let d be k(3). Suppose -3*s = d*h - 92, -4*h + 9 - 61 = -3*s. List the prime factors of s.
2, 3
Let v(w) = 2*w**2 - 8*w + 6. Let b be v(6). Suppose 46 + b = 4*p. What are the prime factors of p?
19
Let h(n) = -3*n - 1. What are the prime factors of h(-5)?
2, 7
Let q(l) = -l**3 + 12*l**2 + l - 7. Let b be q(12). Suppose b*x - 18 = 2*x. List the prime factors of x.
2, 3
Suppose 90 = 3*r - 498. List the prime factors of r/11 - (-4)/22.
2, 3
Let i(u) = -1 - 16*u + 3 - 7 + 0. Let m(n) = -15*n - 4. Let z(w) = 5*i(w) - 6*m(w). List the prime factors of z(1).
3
Suppose -4*q + 52 = -3*q. List the prime factors of q.
2, 13
Let c = 75 - 54. List the prime factors of c.
3, 7
Let u = -86 + 94. What are the prime factors of u?
2
Let j(o) = -o**3 + o**2 + 2. Let t be (-1)/(14/(-6) + 2). Let i = t - 3. List the prime factors of j(i).
2
Let x(r) = 3 - 3*r - 9 - 9 + r. List the prime factors of x(-9).
3
Suppose y = 4*y - 6. Suppose -3*u = y*u - 35. List the prime factors of u.
7
Let m = 15 + -11. Suppose 5*j - k = 21 - 87, 2*j - m*k = -12. Let b = j - -21. List the prime factors of b.
7
Suppose 2*u - 3*u = 4*n + 12, 3*u - 4*n = 28. Suppose -i + 30 = u*i. List the prime factors of i.
2, 3
Let k = 10 + -8. Suppose 6 = -k*h, -v - 5 = 4*h - 3. What are the prime factors of v?
2, 5
Let j(f) = -8*f + 7. Let o(v) = 17*v - 15. Let u(w) = 13*j(w) + 6*o(w). Let t(q) = q**3 - q**2 - q - 1. Let p be t(0). List the prime factors of u(p).
3
Let f be 2 - (1 - 3)/1. Suppose p + f*n = 2, 0*n - 70 = -3*p + 4*n. What are the prime factors of p?
2, 3
Let g(k) = k**3 - k**2 - k - 1. Let j = 11 - 8. What are the prime factors of g(j)?
2, 7
Let w = 17 - 10. Suppose -3*q - w = -70. List the prime factors of q.
3, 7
What are the prime factors of (2/3)/(64/72)*400?
2, 3, 5
Suppose s - 4*s = -z + 11, 2*s + 26 = 3*z. Suppose z = 2*f + 2*g - 26, 5*g - 20 = 0. List the prime factors of f.
13
Suppose 5*v - 125 = -5*w + 2*w, -4*v + 230 = 5*w. List the prime factors of w.
2, 5
Suppose -3*d - 7 = -52. Suppose -d = -c - 1. What are the prime factors of c?
2, 7
Suppose -3*n - 5 = -20. Let b = -1 + n. Suppose 2*l = b*d - 38, 6*d - 15 = 4*d + 5*l. List the prime factors of d.
2, 5
Let g(r) = -10*r - 5. Let o be g(-7). Supp